*3 + 8*r**2 + 5*r + 40. Let h be b(-7). What is the highest common factor of 3 and h?
3
Suppose 8*l - 109 = 51. What is the highest common factor of l and 100?
20
Let m = 25 + -10. Suppose -3*f + 3 = 3*d - 4*d, 0 = 5*d - m. Calculate the greatest common divisor of 8 and f.
2
Let y(i) = 2*i**3 + 3*i**2 - 2*i - 3. Let o be y(3). Let u be -2*(-9)/1*(-2)/(-4). What is the greatest common divisor of o and u?
9
Let y = -97 - -104. Calculate the greatest common factor of 14 and y.
7
Let v be (2/(-8))/(6/(-24)). Let n be ((-1)/(-2)*-2)/(-1). What is the greatest common divisor of v and n?
1
Let g = -14 + 24. What is the greatest common divisor of g and 160?
10
Let x(l) = -l**3 + 5*l**2 - 3*l + 2. Let n be x(2). Let s = 83 + -57. Let j = s - 14. Calculate the highest common factor of n and j.
4
Let j = 12 - 6. Let m be (j/(-5))/((-3)/10). Let n(a) = 10*a + 4. Let h be n(m). Calculate the greatest common factor of h and 11.
11
Let a = -90 - -48. Let r(z) = z - 68. Let b be r(-6). Let x = a - b. Calculate the greatest common divisor of x and 48.
16
Let j be 3/(-6)*28/7. Let q be 8*(5/(-4) - j). Suppose 4*l - 9 = 3*n, 7*l - 2*l - 16 = -n. What is the highest common divisor of l and q?
3
Let x(v) = -v**3 - 5*v**2 + 6*v + 6. Let o be x(-6). Let m = 20 - 14. Calculate the highest common factor of m and o.
6
Let y(c) = -2 + 3 - 2*c - c**2 + 1. Let x be y(-3). Let q(l) = -50*l**3 + l**2 - 1. Let w be q(x). What is the highest common factor of w and 10?
10
Let i(q) = 13*q**2 + q. Let b be i(-2). Let x(c) = 4*c**2 + c - 5. Let u be x(5). Suppose -y + 6*y = u. What is the highest common divisor of y and b?
10
Suppose 4*d + 9 = 5*j, -3*j + 10 = d - 9. Suppose -n = d*r - 793, -2*n = r - 168 - 32. Calculate the greatest common factor of r and 18.
18
Let n(p) = -2*p - 25. Let b be n(-16). Calculate the greatest common factor of 1 and b.
1
Suppose -5*q = -29 - 286. Calculate the highest common divisor of 18 and q.
9
Suppose -17*q + 20*q - 18 = 0. What is the greatest common divisor of 66 and q?
6
Suppose -18 = m + 5*l, 3*l = m - 2*l - 22. Let p(z) = -z - 4*z + 2*z - m. Let g be p(-4). Calculate the highest common divisor of g and 20.
10
Suppose -5*r + 33 = -0*h + 3*h, 2*h + 28 = 5*r. What is the greatest common divisor of r and 3?
3
Let u(r) = -r**3 + 5*r**2 - 3*r + 1. Let t be u(4). Calculate the greatest common factor of t and 15.
5
Suppose -3*x + 67 + 167 = 0. Suppose -x = 4*s + 2. Let y be s/(3/9 - 1). What is the greatest common divisor of 20 and y?
10
Let m be 16*-5*5/(-10). Calculate the highest common factor of m and 16.
8
Let i(d) = d - 1. Let g(w) = -2*w + 6. Let n(f) = -g(f) + i(f). Let x be n(5). Let c = 33 - x. Calculate the greatest common divisor of c and 5.
5
Suppose -2*a = -a - 12. Suppose 2*i - 8 - 25 = u, i + u - a = 0. Let n = 18 + -13. Calculate the highest common factor of n and i.
5
Let w be (3/(-6))/((-2)/(-4)). Let c = -2 + w. Let n = 7 - c. Calculate the highest common divisor of n and 2.
2
Suppose -3*n = -5*n + 34. What is the highest common factor of n and 17?
17
Suppose 5*q = 4*s + 55 - 3, q - 20 = 4*s. What is the highest common factor of q and 88?
8
Let c be (-64)/12*(-153)/6. Calculate the greatest common factor of 34 and c.
34
Let k = -138 + 146. What is the highest common divisor of k and 36?
4
Let l be (-3 + -4)/(2/10). Let g = -21 - l. Calculate the greatest common factor of 126 and g.
14
Let m be 30/(-18)*(-2 + -1). What is the greatest common factor of m and 15?
5
Suppose -3*m + 37 = -i, 4 = -4*i - 0*i. Let b(r) = r + 96. Let s be b(0). What is the greatest common divisor of s and m?
12
Let z be -1 + 2 + 0 + 5. Let y(a) = 9*a - 33. Let s be y(9). Calculate the highest common factor of s and z.
6
Let m = 11 + -5. Suppose -m + 4 = -o. What is the highest common factor of 2 and o?
2
Let k be 1 - 2*(1 + -77). What is the greatest common divisor of k and 17?
17
Let a = -9 + 13. Suppose -a*n = 11 - 83. What is the greatest common factor of 72 and n?
18
Let v = 10 + 11. What is the greatest common divisor of 105 and v?
21
Let l = 2 - -2. Suppose -l*z + 36 = -z. Calculate the greatest common factor of 18 and z.
6
Let n(m) = -m + 43. Let s be n(0). Suppose 0 = -4*y - 3*p + 41, p = 2*y - 2*p - s. Let f = 405 - 251. What is the greatest common factor of f and y?
14
Let f = 2 + 30. Calculate the greatest common factor of 224 and f.
32
Suppose -4*d + 54 = -2*q, 2*d + 36 = -2*q - 3*d. Let o = 76 - q. Calculate the highest common factor of o and 11.
11
Let m(u) = -13*u + 13. Let y be m(-6). What is the highest common factor of 13 and y?
13
Let q(g) = -g**3 - 9*g**2 + 11*g + 24. Let j be q(-10). Calculate the greatest common divisor of j and 42.
14
Suppose -2*v + 60 = 3*s, -4*v + 70 = 4*s - 54. What is the greatest common divisor of v and 11?
11
Suppose 0 = -3*x + 11 + 55. Suppose -2*f = -4*f + 22. Calculate the highest common divisor of x and f.
11
Suppose 2*c = 2*y - 3*y + 7, y + 23 = 3*c. Let b(i) = -i**2 + 9*i - 7. Let v be b(c). Calculate the greatest common factor of v and 88.
11
Let d(n) = -n + 77 - 5*n - 86. Let k be d(-9). What is the greatest common factor of k and 5?
5
Let d(s) = -s**3 + 7*s**2 - 5*s + 1. Let q be d(6). Let t = 223 + -69. Let j be 3*(0 + t/6). Calculate the greatest common divisor of q and j.
7
Let i be 75/7 - 4/(-14). Let m(j) be the second derivative of j**4/12 + j**3 + 2*j**2 - 8*j. Let k be m(-7). Calculate the greatest common factor of k and i.
11
Suppose -68 = -2*w - 0*t + t, -5*t = -3*w + 116. Let j = -22 + w. Calculate the highest common factor of j and 20.
10
Suppose -5*x = -20, 4*y + 5*x - 3*x = 84. Let f be 4 + -3 - 6/(-2). Let j be (3 + 111)/(6/f). What is the greatest common factor of y and j?
19
Suppose 3*r - 37 - 83 = 0. Suppose 5*u + 1 = t - 10, 5*t = -2*u + 82. Calculate the highest common divisor of r and t.
8
Let n be (11/2)/(2/28). Calculate the greatest common factor of n and 11.
11
Let z = -7 + 14. Suppose 8*j - 24 = z*j. What is the highest common factor of 8 and j?
8
Let o = -7 - -1. Let z be (-6)/o - (-18)/1. Calculate the highest common factor of z and 19.
19
Let d(o) = 2*o**3 - o**2 + 3*o - 1. Let r be d(1). Calculate the greatest common divisor of r and 33.
3
Suppose 11*z - 8*z = 27. What is the highest common divisor of z and 27?
9
Suppose -q = -3*q + 100. Let m = q + 30. Calculate the highest common divisor of m and 10.
10
Suppose -16 = 2*z + 4*t, -26 = -0*z - 3*z + 4*t. Suppose z*r + 156 = 6*r. What is the greatest common factor of r and 13?
13
Let o = 12 + -4. Calculate the greatest common divisor of 2 and o.
2
Suppose 3*j + 0*j - 17 = -n, -5*n + 5*j = -5. What is the greatest common factor of 1 and n?
1
Let m = 178 - 134. Calculate the highest common factor of 11 and m.
11
Suppose -2*d + 0 + 10 = 0. Suppose -7*n = -d*n - 176. Calculate the greatest common factor of 8 and n.
8
Let j(h) be the third derivative of -h**5/60 + h**4/24 + h**3/6 - 4*h**2. Let f be j(0). Calculate the highest common divisor of 1 and f.
1
Let s be (1/2)/(3/1716). Suppose 7*d - 224 = -42. Calculate the highest common divisor of s and d.
26
Let b = 13 - 4. Let p = -290 + 299. Calculate the greatest common divisor of p and b.
9
Let b(d) = 2*d + 2. Let g be b(5). Suppose 16 = -4*j, -6*s + s - 35 = 5*j. Let v be (45/(-12))/(s/24). What is the greatest common factor of v and g?
6
Suppose 0 = -4*x - 4. Let r be 36 - (x/1 - -2). Let o = r + -19. Calculate the greatest common factor of 48 and o.
16
Suppose 5*j + 2*k + 2*k - 40 = 0, 5 = k. Calculate the highest common divisor of 4 and j.
4
Let f = 317 - 189. What is the highest common divisor of 16 and f?
16
Let h be (-4 - 0) + 7 + -1. Calculate the highest common divisor of h and 2.
2
Suppose -14 = -4*o - 2*b, -3*o + 8 = -5*o - 4*b. Let g be ((-14)/o)/1*-6. Let u be (-1)/(-4) - 2012/(-16). Calculate the greatest common factor of g and u.
14
Let c = 73 - 34. Let a be (-19 - -6)*(-2)/1. What is the greatest common divisor of c and a?
13
Suppose -3*o + 15 - 3 = 0. Suppose 56 = 10*a + 4*a. Calculate the highest common factor of o and a.
4
Suppose 15*n = 17*n - 36. Calculate the greatest common divisor of n and 90.
18
Suppose -s = -4*a + 39, 2*a + 2*s - 9 = -s. Calculate the highest common factor of a and 45.
9
Suppose 0 = -14*p + 12*p + 102. Let z = 107 - 73. What is th